{"id":1126,"date":"2014-03-12T14:40:13","date_gmt":"2014-03-12T12:40:13","guid":{"rendered":"http:\/\/www.weppelmann.de\/?page_id=1126"},"modified":"2020-10-08T15:42:58","modified_gmt":"2020-10-08T13:42:58","slug":"gardening","status":"publish","type":"page","link":"http:\/\/www.weppelmann.de\/?page_id=1126","title":{"rendered":"Gardening"},"content":{"rendered":"<div class=\"pf-content\"><p><strong>Notizen aus der Gartenwelt des Wilm Weppelmann<\/strong><\/p>\n<p>\u201eWilm Weppelmann (M\u00fcnster) ist K\u00fcnstler und G\u00e4rtner aus Leidenschaft. Die Grenzen zwischen beiden T\u00e4tigkeitsfeldern sind in diesem Fall nicht zu bestimmen. Man kann sagen, sie wurden ausgefranst, um dann neu ineinander verwoben zu werden. Wilm Weppelmann ist kein Mensch der bin\u00e4ren Oppositionen. Wenn es zwei M\u00f6glichkeiten gibt, entscheidet er sich konsequent f\u00fcr die dritte \u2013 also Garten in allen Dimensionen.\u201c Artikel von Eva Hakes im \u201eWandermagazin\u201c April 2012<\/p>\n<p><a href=\"http:\/\/www.weppelmann.de\/wp-content\/uploads\/2013\/06\/04-17-IMG_7300-klein.jpg\"><img loading=\"lazy\" decoding=\"async\" class=\" wp-image-332 aligncenter\" src=\"http:\/\/www.weppelmann.de\/wp-content\/uploads\/2013\/06\/04-17-IMG_7300-klein.jpg\" sizes=\"auto, (max-width: 394px) 100vw, 394px\" srcset=\"http:\/\/www.weppelmann.de\/wp-content\/uploads\/2013\/06\/04-17-IMG_7300-klein.jpg 394w, http:\/\/www.weppelmann.de\/wp-content\/uploads\/2013\/06\/04-17-IMG_7300-klein-300x199.jpg 300w\" alt=\"\" width=\"877\" height=\"583\" \/><\/a><\/p>\n<ul>\n<li>ich wachse mit meinem Garten<\/li>\n<li>urbanwild und stadtfruchtbar sind meine Lieblingsgartenflecken #urbanfertile<\/li>\n<li>am Horizont . ist jeder Traum . ein Insel . die nach einem G\u00e4rtner sucht<\/li>\n<li>Garten kann man nicht in einer endg\u00fcltigen Form festhalten # jeden Tag lebt Garten neu und anders weiter<\/li>\n<li>\u2026 zwinge die Natur und sie bezwingt dich<\/li>\n<li>Mensch sollte den Geschmack von Erde kennen # Erde f\u00fcr alle<\/li>\n<li>Garten findet bei jedem Wetter statt<\/li>\n<li>ein Same ist Hoffnung auf ein lebenswertes Morgen<\/li>\n<li>jeder mit Liebe gelebte Garten ist unvergleichbar sch\u00f6n<\/li>\n<li>das Prinzip Garten ist Verantwortung vor der Natur und ein Weg zur Menschlichkeit<\/li>\n<li>die Vielheit der G\u00e4rten in einem Garten kann der Stadtnatur Raum geben<\/li>\n<li>die Freiheit des Kleingartens ist ein Gemeinschaftsspiel mit vielen Gartentr\u00e4umen<\/li>\n<li>G\u00e4rten brauchen Menschen, Menschen brauchen G\u00e4rten # Wildnis ist Welt ohne uns<\/li>\n<li>gerade der Garten im Winter ist elementar sch\u00f6n<\/li>\n<\/ul>\n<p><a href=\"http:\/\/www.weppelmann.de\/wp-content\/uploads\/2013\/06\/IMG_5716-klein.jpg\"><img loading=\"lazy\" decoding=\"async\" class=\" wp-image-1369 alignnone\" src=\"http:\/\/www.weppelmann.de\/wp-content\/uploads\/2013\/06\/IMG_5716-klein.jpg\" alt=\"\" width=\"1378\" height=\"918\" srcset=\"http:\/\/www.weppelmann.de\/wp-content\/uploads\/2013\/06\/IMG_5716-klein.jpg 369w, http:\/\/www.weppelmann.de\/wp-content\/uploads\/2013\/06\/IMG_5716-klein-300x200.jpg 300w\" sizes=\"auto, (max-width: 1378px) 100vw, 1378px\" \/><\/a><a href=\"http:\/\/www.weppelmann.de\/wp-content\/uploads\/2020\/10\/ohne-Text-fuer-Webseite.jpg\"><img loading=\"lazy\" decoding=\"async\" class=\"aligncenter size-full wp-image-1559\" src=\"http:\/\/www.weppelmann.de\/wp-content\/uploads\/2020\/10\/ohne-Text-fuer-Webseite.jpg\" alt=\"\" width=\"2000\" height=\"1000\" srcset=\"http:\/\/www.weppelmann.de\/wp-content\/uploads\/2020\/10\/ohne-Text-fuer-Webseite.jpg 2000w, http:\/\/www.weppelmann.de\/wp-content\/uploads\/2020\/10\/ohne-Text-fuer-Webseite-300x150.jpg 300w, http:\/\/www.weppelmann.de\/wp-content\/uploads\/2020\/10\/ohne-Text-fuer-Webseite-1024x512.jpg 1024w, http:\/\/www.weppelmann.de\/wp-content\/uploads\/2020\/10\/ohne-Text-fuer-Webseite-768x384.jpg 768w, http:\/\/www.weppelmann.de\/wp-content\/uploads\/2020\/10\/ohne-Text-fuer-Webseite-1536x768.jpg 1536w\" sizes=\"auto, (max-width: 2000px) 100vw, 2000px\" \/><\/a><a href=\"http:\/\/www.weppelmann.de\/wp-content\/uploads\/2016\/02\/7udylu4r.bmp\"><img loading=\"lazy\" decoding=\"async\" class=\"aligncenter wp-image-1356\" src=\"http:\/\/www.weppelmann.de\/wp-content\/uploads\/2016\/02\/7udylu4r.bmp\" alt=\"\" width=\"1370\" height=\"938\" \/><\/a><\/p>\n<\/div>","protected":false},"excerpt":{"rendered":"<p>Notizen aus der Gartenwelt des Wilm Weppelmann \u201eWilm Weppelmann (M\u00fcnster) ist K\u00fcnstler und G\u00e4rtner aus Leidenschaft. Die Grenzen zwischen beiden<\/p>\n","protected":false},"author":2,"featured_media":0,"parent":40,"menu_order":0,"comment_status":"closed","ping_status":"closed","template":"","meta":{"footnotes":""},"class_list":["post-1126","page","type-page","status-publish","hentry"],"_links":{"self":[{"href":"http:\/\/www.weppelmann.de\/index.php?rest_route=\/wp\/v2\/pages\/1126","targetHints":{"allow":["GET"]}}],"collection":[{"href":"http:\/\/www.weppelmann.de\/index.php?rest_route=\/wp\/v2\/pages"}],"about":[{"href":"http:\/\/www.weppelmann.de\/index.php?rest_route=\/wp\/v2\/types\/page"}],"author":[{"embeddable":true,"href":"http:\/\/www.weppelmann.de\/index.php?rest_route=\/wp\/v2\/users\/2"}],"replies":[{"embeddable":true,"href":"http:\/\/www.weppelmann.de\/index.php?rest_route=%2Fwp%2Fv2%2Fcomments&post=1126"}],"version-history":[{"count":9,"href":"http:\/\/www.weppelmann.de\/index.php?rest_route=\/wp\/v2\/pages\/1126\/revisions"}],"predecessor-version":[{"id":1565,"href":"http:\/\/www.weppelmann.de\/index.php?rest_route=\/wp\/v2\/pages\/1126\/revisions\/1565"}],"up":[{"embeddable":true,"href":"http:\/\/www.weppelmann.de\/index.php?rest_route=\/wp\/v2\/pages\/40"}],"wp:attachment":[{"href":"http:\/\/www.weppelmann.de\/index.php?rest_route=%2Fwp%2Fv2%2Fmedia&parent=1126"}],"curies":[{"name":"wp","href":"https:\/\/api.w.org\/{rel}","templated":true}]}}

<div class="pf-content"><p><strong>Notizen aus der Gartenwelt des Wilm Weppelmann</strong></p>
<p>„Wilm Weppelmann (Münster) ist Künstler und Gärtner aus Leidenschaft. Die Grenzen zwischen beiden Tätigkeitsfeldern sind in diesem Fall nicht zu bestimmen. Man kann sagen, sie wurden ausgefranst, um dann neu ineinander verwoben zu werden. Wilm Weppelmann ist kein Mensch der binären Oppositionen. Wenn es zwei Möglichkeiten gibt, entscheidet er sich konsequent für die dritte – also Garten in allen Dimensionen.“ Artikel von Eva Hakes im „Wandermagazin“ April 2012</p>
<p><a href="http://www.weppelmann.de/wp-content/uploads/2013/06/04-17-IMG_7300-klein.jpg"><img loading="lazy" decoding="async" class=" wp-image-332 aligncenter" src="http://www.weppelmann.de/wp-content/uploads/2013/06/04-17-IMG_7300-klein.jpg" sizes="auto, (max-width: 394px) 100vw, 394px" srcset="http://www.weppelmann.de/wp-content/uploads/2013/06/04-17-IMG_7300-klein.jpg 394w, http://www.weppelmann.de/wp-content/uploads/2013/06/04-17-IMG_7300-klein-300x199.jpg 300w" alt="" width="877" height="583" /></a></p>
<ul>
<li>ich wachse mit meinem Garten</li>
<li>urbanwild und stadtfruchtbar sind meine Lieblingsgartenflecken #urbanfertile</li>
<li>am Horizont . ist jeder Traum . ein Insel . die nach einem Gärtner sucht</li>
<li>Garten kann man nicht in einer endgültigen Form festhalten # jeden Tag lebt Garten neu und anders weiter</li>
<li>… zwinge die Natur und sie bezwingt dich</li>
<li>Mensch sollte den Geschmack von Erde kennen # Erde für alle</li>
<li>Garten findet bei jedem Wetter statt</li>
<li>ein Same ist Hoffnung auf ein lebenswertes Morgen</li>
<li>jeder mit Liebe gelebte Garten ist unvergleichbar schön</li>
<li>das Prinzip Garten ist Verantwortung vor der Natur und ein Weg zur Menschlichkeit</li>
<li>die Vielheit der Gärten in einem Garten kann der Stadtnatur Raum geben</li>
<li>die Freiheit des Kleingartens ist ein Gemeinschaftsspiel mit vielen Gartenträumen</li>
<li>Gärten brauchen Menschen, Menschen brauchen Gärten # Wildnis ist Welt ohne uns</li>
<li>gerade der Garten im Winter ist elementar schön</li>
</ul>
<p><a href="http://www.weppelmann.de/wp-content/uploads/2013/06/IMG_5716-klein.jpg"><img loading="lazy" decoding="async" class=" wp-image-1369 alignnone" src="http://www.weppelmann.de/wp-content/uploads/2013/06/IMG_5716-klein.jpg" alt="" width="1378" height="918" srcset="http://www.weppelmann.de/wp-content/uploads/2013/06/IMG_5716-klein.jpg 369w, http://www.weppelmann.de/wp-content/uploads/2013/06/IMG_5716-klein-300x200.jpg 300w" sizes="auto, (max-width: 1378px) 100vw, 1378px" /></a><a href="http://www.weppelmann.de/wp-content/uploads/2020/10/ohne-Text-fuer-Webseite.jpg"><img loading="lazy" decoding="async" class="aligncenter size-full wp-image-1559" src="http://www.weppelmann.de/wp-content/uploads/2020/10/ohne-Text-fuer-Webseite.jpg" alt="" width="2000" height="1000" srcset="http://www.weppelmann.de/wp-content/uploads/2020/10/ohne-Text-fuer-Webseite.jpg 2000w, http://www.weppelmann.de/wp-content/uploads/2020/10/ohne-Text-fuer-Webseite-300x150.jpg 300w, http://www.weppelmann.de/wp-content/uploads/2020/10/ohne-Text-fuer-Webseite-1024x512.jpg 1024w, http://www.weppelmann.de/wp-content/uploads/2020/10/ohne-Text-fuer-Webseite-768x384.jpg 768w, http://www.weppelmann.de/wp-content/uploads/2020/10/ohne-Text-fuer-Webseite-1536x768.jpg 1536w" sizes="auto, (max-width: 2000px) 100vw, 2000px" /></a><a href="http://www.weppelmann.de/wp-content/uploads/2016/02/7udylu4r.bmp"><img loading="lazy" decoding="async" class="aligncenter wp-image-1356" src="http://www.weppelmann.de/wp-content/uploads/2016/02/7udylu4r.bmp" alt="" width="1370" height="938" /></a></p>
</div>

<p>Notizen aus der Gartenwelt des Wilm Weppelmann „Wilm Weppelmann (Münster) ist Künstler und Gärtner aus Leidenschaft. Die Grenzen zwischen beiden</p>
