{"id":52,"date":"2013-04-11T20:09:48","date_gmt":"2013-04-11T18:09:48","guid":{"rendered":"http:\/\/www.weppelmann.de\/?page_id=52"},"modified":"2020-10-07T17:22:21","modified_gmt":"2020-10-07T15:22:21","slug":"kurzinfo","status":"publish","type":"page","link":"http:\/\/www.weppelmann.de\/?page_id=52","title":{"rendered":"Kurzinfo"},"content":{"rendered":"<div class=\"pf-content\"><figure id=\"attachment_69\" aria-describedby=\"caption-attachment-69\" style=\"width: 300px\" class=\"wp-caption alignleft\"><a href=\"http:\/\/www.weppelmann.de\/wp-content\/uploads\/2013\/04\/Zeichnung-Michael-bearbeitet.jpg\"><img loading=\"lazy\" decoding=\"async\" class=\"wp-image-69 size-medium\" title=\"Zeichnung von Michael Ditteney \/ Freiburg\" src=\"http:\/\/www.weppelmann.de\/wp-content\/uploads\/2013\/04\/Zeichnung-Michael-bearbeitet-300x211.jpg\" alt=\"Zeichnung Michael bearbeitet\" width=\"300\" height=\"211\" srcset=\"http:\/\/www.weppelmann.de\/wp-content\/uploads\/2013\/04\/Zeichnung-Michael-bearbeitet-300x211.jpg 300w, http:\/\/www.weppelmann.de\/wp-content\/uploads\/2013\/04\/Zeichnung-Michael-bearbeitet.jpg 839w\" sizes=\"auto, (max-width: 300px) 100vw, 300px\" \/><\/a><figcaption id=\"caption-attachment-69\" class=\"wp-caption-text\">&#8222;Portr\u00e4t Wilm Weppelmann&#8220; von Michael Ditteney (Freiburg)<\/figcaption><\/figure>\n<p style=\"text-align: left;\"><strong>Art is important impossible # wilm weppelmann\u00a0 artist <\/strong><\/p>\n<p class=\"MsoNormal\"><b>short facts ~ <\/b>Wilm Weppelmann wurde 1957 in L\u00fcdinghausen geboren\u00a0 als Sohn einer westf\u00e4lischen Handwerksfamilie, aufgewachsen ist er in dem kleinen Dorf Ottmarsbocholt. Nach den \u00fcblichen Schulstufen studierte er in M\u00fcnster Germanistik, Publizistik und Philosophie. Seine berufliche Laufbahn im Kultursektor begann als Dramaturgie-Assistent am Zimmertheater in M\u00fcnster (heute: Wolfgang-Borchert-Theater). Sp\u00e4ter entwickelte er im Management von verschiedenen mittelst\u00e4ndischen Verlagsh\u00e4usern ( u.a. Harenberg Verlag Dortmund) eine besondere Affinit\u00e4t zum Medium Buch. 2001 lie\u00df er den kommerziellen Buchmarkt\u00a0 hinter sich und \u00f6ffnete sich <span style=\"mso-spacerun: yes;\">\u00a0<\/span>als freischaffender K\u00fcnstler und Autor neuen Themen und Arbeitsweisen mit den Schwerpunkten Konzeptkunst und Fotografie. Seit 2005 nimmt die k\u00fcnstlerische Auseinandersetzung mit dem Thema Garten einen wachsenden Raum ein.<\/p>\n<p class=\"MsoNormal\">Weitere Informationen auf: <a href=\"https:\/\/de.wikipedia.org\/wiki\/Wilm_Weppelmann\">Wikipedia.org<\/a><\/p>\n<p class=\"MsoNormal\"><strong>Einzelausstellungen:<\/strong> Stadtmuseum M\u00fcnster, Museum f\u00fcr Sepulkralkultur\/Kassel u.a. \u2013 <strong>Projekte:<\/strong> Freie Gartenakademie # The Adventures of Rob Cabbage # Der erste Winterschlaf von Wilm Weppelmann # The Hunger Garden # <a href=\"http:\/\/www.gardenstreet.de\" target=\"_blank\" rel=\"noopener noreferrer\">gardenstreet.de<\/a> # u.a.<\/p>\n<p class=\"MsoNormal\">weiterf\u00fchrende Links: <a href=\"http:\/\/www.weppelmann.de\">\u00a0Wilm Weppelmann Webseite<\/a> # <a href=\"http:\/\/www.muensterwiki.de\/index.php\/Wilm_Weppelmann\">Der K\u00fcnstler und die Stadt M\u00fcnster\u00a0 <\/a># <a href=\"http:\/\/www.welt.de\/welt_print\/vermischtes\/article8113462\/Zwischen-Kant-und-Kuerbis.html\">Welt am Sonntag Artike<\/a>l #\u00a0 <a href=\"http:\/\/www.youtube.com\/results?search_query=wilm+weppelmann&amp;oq=wilm+weppelmann\">Youtube Videos <\/a><\/p>\n<figure id=\"attachment_1325\" aria-describedby=\"caption-attachment-1325\" style=\"width: 498px\" class=\"wp-caption aligncenter\"><a href=\"http:\/\/www.weppelmann.de\/wp-content\/uploads\/2013\/04\/In-Front-of-the-Friesm-Museumj.jpg\" rel=\"attachment wp-att-1325\"><img loading=\"lazy\" decoding=\"async\" class=\"wp-image-1325\" src=\"http:\/\/www.weppelmann.de\/wp-content\/uploads\/2013\/04\/In-Front-of-the-Friesm-Museumj.jpg\" alt=\"In Front of the Fries Museum\" width=\"498\" height=\"341\" srcset=\"http:\/\/www.weppelmann.de\/wp-content\/uploads\/2013\/04\/In-Front-of-the-Friesm-Museumj.jpg 354w, http:\/\/www.weppelmann.de\/wp-content\/uploads\/2013\/04\/In-Front-of-the-Friesm-Museumj-300x205.jpg 300w\" sizes=\"auto, (max-width: 498px) 100vw, 498px\" \/><\/a><figcaption id=\"caption-attachment-1325\" class=\"wp-caption-text\">.. on an evening in front of the Fries Museum \/ Leeuwarden NL &#8211; photography: Jeff van Gysel<\/figcaption><\/figure>\n<p><strong>Wilm Weppelmann &#8211; ein Interview mit Jodie Shapiro\u00a0 <\/strong>aufgezeichnet\u00a0 in Leeuwarden \/ NL<\/p>\n<p>| Auf der Basis einer sehr breit angelegten Biographie folgt nun in eine sehr spannungsreiche k\u00fcnstlerische Entwicklung. Wo ergaben sich daf\u00fcr die ersten Impulse?<\/p>\n<p>Der Anfang war zugleich ein Ende: Ein leeres Spiel, die Routine hatte sich ausgelebt und die Br\u00fcchigkeit der allt\u00e4glichen Rituale war mehr als \u00fcberdeutlich. Nach dem Finish einer Verlagskarriere war ich dem Nichts sehr nahe, denn die alten Lebensrezepte gingen nicht mehr auf. Ich musste ganz neu meinen Blick \u00f6ffnen und dazu die Perspektive Wirklichkeit aus dem Schatten von Voreingenommenheiten und Selbstverst\u00e4ndlichkeiten herausfallen lassen. Ja versuchen &#8211; ohne \u00dcbertreibung &#8211; immer nackter das Leben untersuchen,\u00a0 um wieder aufzuwachen. Die Mittel dazu hatte ich zur Hand: Fotografie und Wortwerk waren die medialen Werkzeuge f\u00fcr diesen Weg\u00a0 und verbanden sich dazu in sehr unterschiedlichen Projekten, eigentlich richtiggehende Abenteuer. In Experimenten, Skripten, Auftragsarbeiten und Ver\u00f6ffentlichungen hatte ich auch schon in der Vergangenheit einiges an professioneller Vorarbeit geleistet, um mich jetzt einigerma\u00dfen beruhigt ganz dieser aufregenden Lebensroute \u00fcberlassen zu k\u00f6nnen.<\/p>\n<p>&nbsp;<\/p>\n<p>| Beruhigt? Ist das \u00fcberhaupt m\u00f6glich?<\/p>\n<p>Nein, eigentlich nicht, denn wenn hinter diesem Prozess nicht die Gewalt der Epilepsie, das Delirium, die Tollheit, der Schwachsinn ohne Wiederkehr lauern w\u00fcrde, dann w\u00fcsste ich, dass der Grenzgang nur Existenzkitsch mit Versicherung darstellen w\u00fcrde, das w\u00e4re unertr\u00e4glich. Aber das Loslassen ist lange nicht abgeschlossen, ich hafte noch mit einer Art melancholischen Angst.<\/p>\n<figure id=\"attachment_185\" aria-describedby=\"caption-attachment-185\" style=\"width: 339px\" class=\"wp-caption aligncenter\"><a href=\"http:\/\/www.gartenakademie.org\/wp-content\/uploads\/2013\/04\/18-Finissage.jpg\"><img loading=\"lazy\" decoding=\"async\" class=\"wp-image-185 \" src=\"http:\/\/www.gartenakademie.org\/wp-content\/uploads\/2013\/04\/18-Finissage-200x300.jpg\" alt=\"18 Finissage\" width=\"339\" height=\"509\" \/><\/a><figcaption id=\"caption-attachment-185\" class=\"wp-caption-text\">Finissage Wilm Weppelmann \u2013 Performance zum Abschluss des Projekts \u201cThe Hunger Garden II\u201d 2012 \u2013 Fotografie: Bernhard Kils \u2013 alle Rechte vorbehalten<\/figcaption><\/figure>\n<p>&nbsp;<\/p>\n<p>| Welchen Themen folgen Sie?<\/p>\n<p>Der Verzweiflung, dem Menschen, der Absurdit\u00e4t, der Krankheit, dem Stein, der Hoffnung, dem Letzten, der Poesie, dem Schmerz, der Sehnsucht des K\u00f6rpers, dem Unaussprechlichem, dem L\u00e4cherlichen, dem Wind \u2026 aber w\u00fcrde ich letztendlich erkennen wann wirklich wahr wahr ist? vielleicht doch \u2026 so w\u00e4re die Suche nicht von vornherein vergebens \u2026<\/p>\n<figure id=\"attachment_1320\" aria-describedby=\"caption-attachment-1320\" style=\"width: 308px\" class=\"wp-caption alignleft\"><a href=\"http:\/\/www.weppelmann.de\/wp-content\/uploads\/2013\/04\/2011-Die-Gesichter-des-Photographen-Plakat-klein.jpg\" rel=\"attachment wp-att-1320\"><img loading=\"lazy\" decoding=\"async\" class=\"wp-image-1320\" src=\"http:\/\/www.weppelmann.de\/wp-content\/uploads\/2013\/04\/2011-Die-Gesichter-des-Photographen-Plakat-klein.jpg\" alt=\"2011 Die Gesichter des Photographen Plakat klein\" width=\"308\" height=\"436\" srcset=\"http:\/\/www.weppelmann.de\/wp-content\/uploads\/2013\/04\/2011-Die-Gesichter-des-Photographen-Plakat-klein.jpg 413w, http:\/\/www.weppelmann.de\/wp-content\/uploads\/2013\/04\/2011-Die-Gesichter-des-Photographen-Plakat-klein-212x300.jpg 212w\" sizes=\"auto, (max-width: 308px) 100vw, 308px\" \/><\/a><figcaption id=\"caption-attachment-1320\" class=\"wp-caption-text\"><em>Ausstellungsplakat &#8222;Die Gesichter des Photographen&#8220; 2011<\/em><\/figcaption><\/figure>\n<p>| Wie entwickeln Sie Ihre Projekte?<\/p>\n<p>Das l\u00e4sst sich sehr kurz und schnell zusammenfassen: At first everything is out of control, then I\u00b4m the object of the subject, then I live with and out forms, afterwards I feel the solution and strategy, then I build it up \u2026<\/p>\n<p>| Welche Techniken bevorzugen Sie?<\/p>\n<p>Ich komme immer mehr dazu komplexe Inszenierungen, Installationen als L\u00f6sungsansatz anzubieten\/umzusetzen und hier gibt es in der Verwendung von Materialien und Zeichensystemen keine Grenzen. Die Fotografie ist da nur ein Element, aber ein sehr wesentliches, das in einigen Bezugspunkten auch autonom funktioniert und agiert.<\/p>\n<p>| In Ihrer fotografischen Arbeit\u00a0 sammeln\u00a0 sich an der Oberfl\u00e4che eines scheinbar formalen Konservatismus tief treibende Widerhaken\u00a0 ..<\/p>\n<p>Alle Effekte sind schon verspielt, entwertet, benutzt, vermarktet, \u00fcbertroffen .. der Kern ist in der Photoshop-Malkiste nicht mitgewachsen, er bleibt h\u00e4ufig rasterhaft unwesentlich ausgeliefert fern in einer selbstbefriedigenden wuchernden Digitalfassade, deshalb liebe ich besonders Schwarz-Wei\u00df, hiermit kann ich eher zum Zentrum vordringen und einen ruhigen Punkt finden, auch wenn Sie es konservativ nennen, ich w\u00fcrde den Begriff effektiv vorziehen\u00a0 \u2026<\/p>\n<p>| Haben Sie sich festgelegt?<\/p>\n<p>Nein, festgelegt ist Quatsch. Ich bin nicht auf dem Weg an einem k\u00fcnstlerischen Markencharakter zu feilen. Nur SW oder nur so, oder nur anders,\u00a0 interessiert mich nicht .. sondern Thema, Leidenschaft und Experiment wird mich immer wieder neu aus- und anziehen und jedes Projekt ist der Versuch zu einem neuen Anfang zu finden und m\u00f6glichst das davor zu vergessen, richtig zu vergessen \u2026\u00a0 deshalb wehre ich mich auch gegen jede biographische Vereinnahmung und Schublade, wof\u00fcr Ausstellungslisten und pers\u00f6nliche Daten rausgeben? &#8211; nur langweiliger Unsinn \u2026<\/p>\n<p>| Bisher bewegten Sie sich am provinziellen Rand \u2026<\/p>\n<p>Die L\u00e4stigkeit und so saubere selbstzufriedene Eitelkeit meines Lebensmittelpunkts war eher Katalysator als eine b\u00fcrgerliche Zwangsjacke,\u00a0 die organisierte Gew\u00f6hnlichkeit stimulierte\u00a0 inneren Widerstand, und jetzt verlassen meine Themen und Ausstellungen immer mehr die Berechenbarkeit und auch diese ehrenwerte nette Stadt ..<\/p>\n<p>| Liegt im Wort Gew\u00f6hnlichkeit nicht ein geh\u00f6riges St\u00fcck Arroganz \u2026<\/p>\n<p>Ihr Provinzschema liegt nicht weit davon entfernt. Kein Mensch aus dem Mehr ist weniger oder mehr, als ich je sein k\u00f6nnte. Ich brauche den Widerstand, die Auseinandersetzung mit dem konkreten Menschen und die Erfahrung seiner Wesenheit f\u00fcr meine Arbeit. Hier nehme ich jeden wahr und nicht nur f\u00fcr das Ab-Bild, ich hoffe ohne die Selbstherrlichkeit von Arroganz.\u00a0 Ja, ich habe eine unstillbare Neugier nach den Menschen.<\/p>\n<p>| Ist es so etwas wie Liebe?<\/p>\n<p>Eine unwirkliche sehr einsame Liebe, die Arbeit f\u00fchrt n\u00e4her und zugleich weiter weg, sehr seltsam und verh\u00e4ngnisvoll, wie alles in diesem Leben.<\/p>\n<p>| Vielen Dank f\u00fcr das Gespr\u00e4ch.<\/p>\n<p>&nbsp;<\/p>\n<\/div>","protected":false},"excerpt":{"rendered":"<p>Art is important impossible # wilm weppelmann\u00a0 artist short facts ~ Wilm Weppelmann wurde 1957 in L\u00fcdinghausen geboren\u00a0 als Sohn<\/p>\n","protected":false},"author":2,"featured_media":0,"parent":27,"menu_order":1,"comment_status":"closed","ping_status":"closed","template":"","meta":{"footnotes":""},"class_list":["post-52","page","type-page","status-publish","hentry"],"_links":{"self":[{"href":"http:\/\/www.weppelmann.de\/index.php?rest_route=\/wp\/v2\/pages\/52","targetHints":{"allow":["GET"]}}],"collection":[{"href":"http:\/\/www.weppelmann.de\/index.php?rest_route=\/wp\/v2\/pages"}],"about":[{"href":"http:\/\/www.weppelmann.de\/index.php?rest_route=\/wp\/v2\/types\/page"}],"author":[{"embeddable":true,"href":"http:\/\/www.weppelmann.de\/index.php?rest_route=\/wp\/v2\/users\/2"}],"replies":[{"embeddable":true,"href":"http:\/\/www.weppelmann.de\/index.php?rest_route=%2Fwp%2Fv2%2Fcomments&post=52"}],"version-history":[{"count":29,"href":"http:\/\/www.weppelmann.de\/index.php?rest_route=\/wp\/v2\/pages\/52\/revisions"}],"predecessor-version":[{"id":1527,"href":"http:\/\/www.weppelmann.de\/index.php?rest_route=\/wp\/v2\/pages\/52\/revisions\/1527"}],"up":[{"embeddable":true,"href":"http:\/\/www.weppelmann.de\/index.php?rest_route=\/wp\/v2\/pages\/27"}],"wp:attachment":[{"href":"http:\/\/www.weppelmann.de\/index.php?rest_route=%2Fwp%2Fv2%2Fmedia&parent=52"}],"curies":[{"name":"wp","href":"https:\/\/api.w.org\/{rel}","templated":true}]}}

<div class="pf-content"><figure id="attachment_69" aria-describedby="caption-attachment-69" style="width: 300px" class="wp-caption alignleft"><a href="http://www.weppelmann.de/wp-content/uploads/2013/04/Zeichnung-Michael-bearbeitet.jpg"><img loading="lazy" decoding="async" class="wp-image-69 size-medium" title="Zeichnung von Michael Ditteney / Freiburg" src="http://www.weppelmann.de/wp-content/uploads/2013/04/Zeichnung-Michael-bearbeitet-300x211.jpg" alt="Zeichnung Michael bearbeitet" width="300" height="211" srcset="http://www.weppelmann.de/wp-content/uploads/2013/04/Zeichnung-Michael-bearbeitet-300x211.jpg 300w, http://www.weppelmann.de/wp-content/uploads/2013/04/Zeichnung-Michael-bearbeitet.jpg 839w" sizes="auto, (max-width: 300px) 100vw, 300px" /></a><figcaption id="caption-attachment-69" class="wp-caption-text">&#8222;Porträt Wilm Weppelmann&#8220; von Michael Ditteney (Freiburg)</figcaption></figure>
<p style="text-align: left;"><strong>Art is important impossible # wilm weppelmann  artist </strong></p>
<p class="MsoNormal"><b>short facts ~ </b>Wilm Weppelmann wurde 1957 in Lüdinghausen geboren  als Sohn einer westfälischen Handwerksfamilie, aufgewachsen ist er in dem kleinen Dorf Ottmarsbocholt. Nach den üblichen Schulstufen studierte er in Münster Germanistik, Publizistik und Philosophie. Seine berufliche Laufbahn im Kultursektor begann als Dramaturgie-Assistent am Zimmertheater in Münster (heute: Wolfgang-Borchert-Theater). Später entwickelte er im Management von verschiedenen mittelständischen Verlagshäusern ( u.a. Harenberg Verlag Dortmund) eine besondere Affinität zum Medium Buch. 2001 ließ er den kommerziellen Buchmarkt  hinter sich und öffnete sich <span style="mso-spacerun: yes;"> </span>als freischaffender Künstler und Autor neuen Themen und Arbeitsweisen mit den Schwerpunkten Konzeptkunst und Fotografie. Seit 2005 nimmt die künstlerische Auseinandersetzung mit dem Thema Garten einen wachsenden Raum ein.</p>
<p class="MsoNormal">Weitere Informationen auf: <a href="https://de.wikipedia.org/wiki/Wilm_Weppelmann">Wikipedia.org</a></p>
<p class="MsoNormal"><strong>Einzelausstellungen:</strong> Stadtmuseum Münster, Museum für Sepulkralkultur/Kassel u.a. – <strong>Projekte:</strong> Freie Gartenakademie # The Adventures of Rob Cabbage # Der erste Winterschlaf von Wilm Weppelmann # The Hunger Garden # <a href="http://www.gardenstreet.de" target="_blank" rel="noopener noreferrer">gardenstreet.de</a> # u.a.</p>
<p class="MsoNormal">weiterführende Links: <a href="http://www.weppelmann.de"> Wilm Weppelmann Webseite</a> # <a href="http://www.muensterwiki.de/index.php/Wilm_Weppelmann">Der Künstler und die Stadt Münster  </a># <a href="http://www.welt.de/welt_print/vermischtes/article8113462/Zwischen-Kant-und-Kuerbis.html">Welt am Sonntag Artike</a>l #  <a href="http://www.youtube.com/results?search_query=wilm+weppelmann&amp;oq=wilm+weppelmann">Youtube Videos </a></p>
<figure id="attachment_1325" aria-describedby="caption-attachment-1325" style="width: 498px" class="wp-caption aligncenter"><a href="http://www.weppelmann.de/wp-content/uploads/2013/04/In-Front-of-the-Friesm-Museumj.jpg" rel="attachment wp-att-1325"><img loading="lazy" decoding="async" class="wp-image-1325" src="http://www.weppelmann.de/wp-content/uploads/2013/04/In-Front-of-the-Friesm-Museumj.jpg" alt="In Front of the Fries Museum" width="498" height="341" srcset="http://www.weppelmann.de/wp-content/uploads/2013/04/In-Front-of-the-Friesm-Museumj.jpg 354w, http://www.weppelmann.de/wp-content/uploads/2013/04/In-Front-of-the-Friesm-Museumj-300x205.jpg 300w" sizes="auto, (max-width: 498px) 100vw, 498px" /></a><figcaption id="caption-attachment-1325" class="wp-caption-text">.. on an evening in front of the Fries Museum / Leeuwarden NL &#8211; photography: Jeff van Gysel</figcaption></figure>
<p><strong>Wilm Weppelmann &#8211; ein Interview mit Jodie Shapiro  </strong>aufgezeichnet  in Leeuwarden / NL</p>
<p>| Auf der Basis einer sehr breit angelegten Biographie folgt nun in eine sehr spannungsreiche künstlerische Entwicklung. Wo ergaben sich dafür die ersten Impulse?</p>
<p>Der Anfang war zugleich ein Ende: Ein leeres Spiel, die Routine hatte sich ausgelebt und die Brüchigkeit der alltäglichen Rituale war mehr als überdeutlich. Nach dem Finish einer Verlagskarriere war ich dem Nichts sehr nahe, denn die alten Lebensrezepte gingen nicht mehr auf. Ich musste ganz neu meinen Blick öffnen und dazu die Perspektive Wirklichkeit aus dem Schatten von Voreingenommenheiten und Selbstverständlichkeiten herausfallen lassen. Ja versuchen &#8211; ohne Übertreibung &#8211; immer nackter das Leben untersuchen,  um wieder aufzuwachen. Die Mittel dazu hatte ich zur Hand: Fotografie und Wortwerk waren die medialen Werkzeuge für diesen Weg  und verbanden sich dazu in sehr unterschiedlichen Projekten, eigentlich richtiggehende Abenteuer. In Experimenten, Skripten, Auftragsarbeiten und Veröffentlichungen hatte ich auch schon in der Vergangenheit einiges an professioneller Vorarbeit geleistet, um mich jetzt einigermaßen beruhigt ganz dieser aufregenden Lebensroute überlassen zu können.</p>
<p>&nbsp;</p>
<p>| Beruhigt? Ist das überhaupt möglich?</p>
<p>Nein, eigentlich nicht, denn wenn hinter diesem Prozess nicht die Gewalt der Epilepsie, das Delirium, die Tollheit, der Schwachsinn ohne Wiederkehr lauern würde, dann wüsste ich, dass der Grenzgang nur Existenzkitsch mit Versicherung darstellen würde, das wäre unerträglich. Aber das Loslassen ist lange nicht abgeschlossen, ich hafte noch mit einer Art melancholischen Angst.</p>
<figure id="attachment_185" aria-describedby="caption-attachment-185" style="width: 339px" class="wp-caption aligncenter"><a href="http://www.gartenakademie.org/wp-content/uploads/2013/04/18-Finissage.jpg"><img loading="lazy" decoding="async" class="wp-image-185 " src="http://www.gartenakademie.org/wp-content/uploads/2013/04/18-Finissage-200x300.jpg" alt="18 Finissage" width="339" height="509" /></a><figcaption id="caption-attachment-185" class="wp-caption-text">Finissage Wilm Weppelmann – Performance zum Abschluss des Projekts “The Hunger Garden II” 2012 – Fotografie: Bernhard Kils – alle Rechte vorbehalten</figcaption></figure>
<p>&nbsp;</p>
<p>| Welchen Themen folgen Sie?</p>
<p>Der Verzweiflung, dem Menschen, der Absurdität, der Krankheit, dem Stein, der Hoffnung, dem Letzten, der Poesie, dem Schmerz, der Sehnsucht des Körpers, dem Unaussprechlichem, dem Lächerlichen, dem Wind … aber würde ich letztendlich erkennen wann wirklich wahr wahr ist? vielleicht doch … so wäre die Suche nicht von vornherein vergebens …</p>
<figure id="attachment_1320" aria-describedby="caption-attachment-1320" style="width: 308px" class="wp-caption alignleft"><a href="http://www.weppelmann.de/wp-content/uploads/2013/04/2011-Die-Gesichter-des-Photographen-Plakat-klein.jpg" rel="attachment wp-att-1320"><img loading="lazy" decoding="async" class="wp-image-1320" src="http://www.weppelmann.de/wp-content/uploads/2013/04/2011-Die-Gesichter-des-Photographen-Plakat-klein.jpg" alt="2011 Die Gesichter des Photographen Plakat klein" width="308" height="436" srcset="http://www.weppelmann.de/wp-content/uploads/2013/04/2011-Die-Gesichter-des-Photographen-Plakat-klein.jpg 413w, http://www.weppelmann.de/wp-content/uploads/2013/04/2011-Die-Gesichter-des-Photographen-Plakat-klein-212x300.jpg 212w" sizes="auto, (max-width: 308px) 100vw, 308px" /></a><figcaption id="caption-attachment-1320" class="wp-caption-text"><em>Ausstellungsplakat &#8222;Die Gesichter des Photographen&#8220; 2011</em></figcaption></figure>
<p>| Wie entwickeln Sie Ihre Projekte?</p>
<p>Das lässt sich sehr kurz und schnell zusammenfassen: At first everything is out of control, then I´m the object of the subject, then I live with and out forms, afterwards I feel the solution and strategy, then I build it up …</p>
<p>| Welche Techniken bevorzugen Sie?</p>
<p>Ich komme immer mehr dazu komplexe Inszenierungen, Installationen als Lösungsansatz anzubieten/umzusetzen und hier gibt es in der Verwendung von Materialien und Zeichensystemen keine Grenzen. Die Fotografie ist da nur ein Element, aber ein sehr wesentliches, das in einigen Bezugspunkten auch autonom funktioniert und agiert.</p>
<p>| In Ihrer fotografischen Arbeit  sammeln  sich an der Oberfläche eines scheinbar formalen Konservatismus tief treibende Widerhaken  ..</p>
<p>Alle Effekte sind schon verspielt, entwertet, benutzt, vermarktet, übertroffen .. der Kern ist in der Photoshop-Malkiste nicht mitgewachsen, er bleibt häufig rasterhaft unwesentlich ausgeliefert fern in einer selbstbefriedigenden wuchernden Digitalfassade, deshalb liebe ich besonders Schwarz-Weiß, hiermit kann ich eher zum Zentrum vordringen und einen ruhigen Punkt finden, auch wenn Sie es konservativ nennen, ich würde den Begriff effektiv vorziehen  …</p>
<p>| Haben Sie sich festgelegt?</p>
<p>Nein, festgelegt ist Quatsch. Ich bin nicht auf dem Weg an einem künstlerischen Markencharakter zu feilen. Nur SW oder nur so, oder nur anders,  interessiert mich nicht .. sondern Thema, Leidenschaft und Experiment wird mich immer wieder neu aus- und anziehen und jedes Projekt ist der Versuch zu einem neuen Anfang zu finden und möglichst das davor zu vergessen, richtig zu vergessen …  deshalb wehre ich mich auch gegen jede biographische Vereinnahmung und Schublade, wofür Ausstellungslisten und persönliche Daten rausgeben? &#8211; nur langweiliger Unsinn …</p>
<p>| Bisher bewegten Sie sich am provinziellen Rand …</p>
<p>Die Lästigkeit und so saubere selbstzufriedene Eitelkeit meines Lebensmittelpunkts war eher Katalysator als eine bürgerliche Zwangsjacke,  die organisierte Gewöhnlichkeit stimulierte  inneren Widerstand, und jetzt verlassen meine Themen und Ausstellungen immer mehr die Berechenbarkeit und auch diese ehrenwerte nette Stadt ..</p>
<p>| Liegt im Wort Gewöhnlichkeit nicht ein gehöriges Stück Arroganz …</p>
<p>Ihr Provinzschema liegt nicht weit davon entfernt. Kein Mensch aus dem Mehr ist weniger oder mehr, als ich je sein könnte. Ich brauche den Widerstand, die Auseinandersetzung mit dem konkreten Menschen und die Erfahrung seiner Wesenheit für meine Arbeit. Hier nehme ich jeden wahr und nicht nur für das Ab-Bild, ich hoffe ohne die Selbstherrlichkeit von Arroganz.  Ja, ich habe eine unstillbare Neugier nach den Menschen.</p>
<p>| Ist es so etwas wie Liebe?</p>
<p>Eine unwirkliche sehr einsame Liebe, die Arbeit führt näher und zugleich weiter weg, sehr seltsam und verhängnisvoll, wie alles in diesem Leben.</p>
<p>| Vielen Dank für das Gespräch.</p>
<p>&nbsp;</p>
</div>

<p>Art is important impossible # wilm weppelmann  artist short facts ~ Wilm Weppelmann wurde 1957 in Lüdinghausen geboren  als Sohn</p>
