{"id":708,"date":"2014-01-20T08:38:07","date_gmt":"2014-01-20T06:38:07","guid":{"rendered":"http:\/\/www.weppelmann.de\/?page_id=708"},"modified":"2014-01-22T16:14:11","modified_gmt":"2014-01-22T14:14:11","slug":"2004-2","status":"publish","type":"page","link":"http:\/\/www.weppelmann.de\/?page_id=708","title":{"rendered":"2004"},"content":{"rendered":"<div class=\"pf-content\"><p style=\"text-align: center;\"><strong>Archiv Wilm Weppelmann 2004: &#8222;sterben kommt&#8220; <\/strong><strong>Museum f\u00fcr Sepulkralkultur Kassel und\u00a0\u00a0 &#8222;Gute Nacht M\u00fcnster&#8220; Stadtmuseum M\u00fcnster<br \/>\n<\/strong><\/p>\n<p style=\"text-align: center;\"><a href=\"http:\/\/www.weppelmann.de\/wp-content\/uploads\/2014\/01\/Cover-klein.jpg\"><img loading=\"lazy\" decoding=\"async\" class=\"aligncenter  wp-image-714\" alt=\"Cover klein\" src=\"http:\/\/www.weppelmann.de\/wp-content\/uploads\/2014\/01\/Cover-klein-266x300.jpg\" width=\"200\" height=\"226\" srcset=\"http:\/\/www.weppelmann.de\/wp-content\/uploads\/2014\/01\/Cover-klein-266x300.jpg 266w, http:\/\/www.weppelmann.de\/wp-content\/uploads\/2014\/01\/Cover-klein.jpg 354w\" sizes=\"auto, (max-width: 200px) 100vw, 200px\" \/><\/a><\/p>\n<p style=\"text-align: center;\"><a href=\"http:\/\/www.weppelmann.de\/?p=716\"><strong>sterben kommt.\u00a0 s<\/strong>zene_Wilm Weppelmann<\/a><\/p>\n<p style=\"text-align: center;\"><strong>24.4.2004 bis 19.9.2004\u00a0<\/strong> im<a href=\"http:\/\/www.sepulkralmuseum.de\/\"> Museum f\u00fcr Sepulkralkultur Kassel<\/a> Ausstellungsfl\u00e4che: 700 qm<\/p>\n<p style=\"text-align: center;\"><strong>Medienecho 2004:<\/strong> Frankfurter Rundschau: &#8222;Der M\u00fcnsteraner K\u00fcnstler Wilm Weppelmann zeigt ein Haus \u00fcber Leben und Tod.&#8220; Kulturspiegel: &#8220; .. mutig und gut: Wilm Weppelmann verwandelt das Museum f\u00fcr Sepulkralkultur in Zimmer mit Aussichten auf die Endlichkeit ..&#8220; HR Fernsehen: &#8220; .. keine leichte Kost, aber konsequent ..&#8220; NDR 1: &#8222;.. intelligent und vielschichtig&#8230;&#8220;<\/p>\n<p style=\"text-align: center;\"><strong>Katalog:<\/strong> &#8222;sterben kommt. szene_wilm weppelmann&#8220; Hrsg. Museum f\u00fcr Sepulkralkultur Kassel 2004 ISBN 3-924447-25-x<br \/>\nmit dem S<a href=\"http:\/\/www.weppelmann.de\/?p=758\">upplement Wilm Weppelmann &#8222;Die Kunst in sich zu wohnen&#8220; ISBN 3-924447-27-6<\/a><\/p>\n<p style=\"text-align: center;\">&#8222;Niemand hat das Thema wirklich gewollt. Der Tod ist uns allen nah und fern zugleich. M\u00fchsam versuchen wir ihn aus unserem Wahrnehmungskreis zu verdr\u00e4ngen. Aber je mehr wir diesen Versuch unternehmen, um so mehr entfernen wir uns &#8211; von uns selbst. Das Ende des Lebens ist unfasslich und mit einem abstrakten Schrecken besetzt. Das Bewusstsein um die eigene Endlichkeit ist tief in unserem Wesen verantkert und verbindet sich mit allen Poren unseres Lebens. Ja, sterben kommt. Wir wissen darum und wissen doch nichts.&#8220; Wilm Weppelmann 2004<\/p>\n<p style=\"text-align: center;\"><a href=\"http:\/\/www.weppelmann.de\/wp-content\/uploads\/2014\/01\/Bild-014_Gr\u00f6\u00dfenver\u00e4nderung.jpg\"><img loading=\"lazy\" decoding=\"async\" class=\"aligncenter  wp-image-730\" alt=\"OLYMPUS DIGITAL CAMERA\" src=\"http:\/\/www.weppelmann.de\/wp-content\/uploads\/2014\/01\/Bild-014_Gr\u00f6\u00dfenver\u00e4nderung.jpg\" width=\"210\" height=\"155\" \/><\/a><a href=\"http:\/\/www.weppelmann.de\/wp-content\/uploads\/2014\/01\/Bild-028_Gr\u00f6\u00dfenver\u00e4nderung.jpg\"><img loading=\"lazy\" decoding=\"async\" class=\"aligncenter size-full wp-image-729\" alt=\"Bild 028_Gr\u00f6\u00dfenver\u00e4nderung\" src=\"http:\/\/www.weppelmann.de\/wp-content\/uploads\/2014\/01\/Bild-028_Gr\u00f6\u00dfenver\u00e4nderung.jpg\" width=\"211\" height=\"141\" \/><\/a> <a href=\"http:\/\/www.weppelmann.de\/wp-content\/uploads\/2014\/01\/F1000021_Gr\u00f6\u00dfenver\u00e4nderung.jpg\"><img loading=\"lazy\" decoding=\"async\" class=\"aligncenter  wp-image-736\" alt=\"F1000021_Gr\u00f6\u00dfenver\u00e4nderung\" src=\"http:\/\/www.weppelmann.de\/wp-content\/uploads\/2014\/01\/F1000021_Gr\u00f6\u00dfenver\u00e4nderung-200x300.jpg\" width=\"208\" height=\"311\" srcset=\"http:\/\/www.weppelmann.de\/wp-content\/uploads\/2014\/01\/F1000021_Gr\u00f6\u00dfenver\u00e4nderung-200x300.jpg 200w, http:\/\/www.weppelmann.de\/wp-content\/uploads\/2014\/01\/F1000021_Gr\u00f6\u00dfenver\u00e4nderung.jpg 236w\" sizes=\"auto, (max-width: 208px) 100vw, 208px\" \/><\/a><a href=\"http:\/\/www.weppelmann.de\/wp-content\/uploads\/2014\/01\/102_0248_Gr\u00f6\u00dfenver\u00e4nderung.jpg\"><img loading=\"lazy\" decoding=\"async\" class=\"aligncenter  wp-image-728\" alt=\"102_0248_Gr\u00f6\u00dfenver\u00e4nderung\" src=\"http:\/\/www.weppelmann.de\/wp-content\/uploads\/2014\/01\/102_0248_Gr\u00f6\u00dfenver\u00e4nderung.jpg\" width=\"206\" height=\"137\" \/><\/a><a href=\"http:\/\/www.weppelmann.de\/wp-content\/uploads\/2014\/01\/sein-liebe_Gr\u00f6\u00dfenver\u00e4nderung.jpg\"><img loading=\"lazy\" decoding=\"async\" class=\"aligncenter  wp-image-727\" alt=\"sein liebe_Gr\u00f6\u00dfenver\u00e4nderung\" src=\"http:\/\/www.weppelmann.de\/wp-content\/uploads\/2014\/01\/sein-liebe_Gr\u00f6\u00dfenver\u00e4nderung.jpg\" width=\"211\" height=\"141\" \/><\/a><\/p>\n<p style=\"text-align: center;\"><strong>&#8222;<a title=\"Archiv Wilm Weppelmann: 2004 \u201cGute Nacht M\u00fcnster\u201d\" href=\"http:\/\/www.weppelmann.de\/?p=781\">Gute Nacht M\u00fcnster &#8211; Fotografien von Wilm Weppelmann&#8220; Stadtmuseum M\u00fcnster 6. Juni bis 19. September 2004<\/a><br \/>\n<\/strong><\/p>\n<p style=\"text-align: center;\"><a href=\"http:\/\/www.weppelmann.de\/wp-content\/uploads\/2014\/01\/Plakat-klein.jpg\"><img loading=\"lazy\" decoding=\"async\" class=\"aligncenter size-medium wp-image-768\" alt=\"Plakat klein\" src=\"http:\/\/www.weppelmann.de\/wp-content\/uploads\/2014\/01\/Plakat-klein-211x300.jpg\" width=\"211\" height=\"300\" srcset=\"http:\/\/www.weppelmann.de\/wp-content\/uploads\/2014\/01\/Plakat-klein-211x300.jpg 211w, http:\/\/www.weppelmann.de\/wp-content\/uploads\/2014\/01\/Plakat-klein.jpg 354w\" sizes=\"auto, (max-width: 211px) 100vw, 211px\" \/><\/a><\/p>\n<h3 style=\"text-align: center;\"><a title=\"Archiv Wilm Weppelmann: 2004 \u201cGute Nacht M\u00fcnster\u201d\" href=\"http:\/\/www.weppelmann.de\/?p=781\">&#8222;Gute Nacht M\u00fcnster &#8211; Fotografien von Wilm Weppelmann&#8220;<\/a><\/h3>\n<p style=\"text-align: center;\">Stadtmuseum M\u00fcnster vom 6.6. &#8211; 19.9.2004<\/p>\n<p style=\"text-align: center;\">Dokumentation:<a href=\"http:\/\/www.youtube.com\/watch?v=NJsOs13gc1g\"> Reportage TV M\u00fcnster August 2004 <\/a><\/p>\n<p style=\"text-align: center;\"><strong>58 Schwarz-Wei\u00df-Fotoarbeiten von Wilm Weppelmann &#8211; entstanden im <\/strong><strong>April und Mai 2004 in der Zeit vom Sonnenuntergang bis zur <\/strong><strong>Morgend\u00e4mmerung in M\u00fcnster.<\/strong><\/p>\n<p style=\"text-align: center;\"><strong>Er\u00f6ffnung:\u00a0<\/strong> 5.6.2004\u00a0 21.43 Uhr mit <strong>Toneinspielungen<\/strong> Regie: Wilm Weppelmann , Sprecher: Roger Trash\u00a0 Schnitt\/Studio: Andreas Wilting<strong> und<\/strong> <strong>WHITE IN &#8211; Soundperformance<\/strong> Bj\u00f6rn Schimpf (Gitarre) Chris Plaumann (Percussion)<\/p>\n<p style=\"text-align: center;\"><strong>Nacht der Museen<\/strong> 18.9.2004 21.00 Uhr Lesung finissage &#8211; gedichte und anderes von und mit Wilm Weppelmann ab 18.00 Uhr bis 24.00 Uhr\u00a0 Erstauff\u00fchrung des Kurzfilms &#8222;sucht nacht oder film sucht bild&#8220;\u00a0 von Wilm Weppelmann<\/p>\n<p style=\"text-align: center;\"><strong>\u00a0Die Presse: <\/strong>&#8222;&#8230; mystische R\u00e4ume &#8230;&#8220; M\u00fcnstersche Zeitung # &#8222;&#8230; liebevoll in M\u00fcnster\u00b4s Dunkel &#8230;&#8220; Westf\u00e4lische Nachrichten # &#8222;&#8230; Entdeckungsreise im Gew\u00f6hnlichen &#8230;&#8220; Drau\u00dfen # &#8222;&#8230; sucht und findet \u00c4sthetik in beinahe jedem Winkel &#8230;&#8220;\u00a0 Ultimo<strong><\/strong><\/p>\n<p style=\"text-align: center;\"><strong><a href=\"http:\/\/www.weppelmann.de\/wp-content\/uploads\/2014\/01\/100_0073-klein.jpg\"><img loading=\"lazy\" decoding=\"async\" class=\"aligncenter size-medium wp-image-772\" alt=\"100_0073 klein\" src=\"http:\/\/www.weppelmann.de\/wp-content\/uploads\/2014\/01\/100_0073-klein-300x200.jpg\" width=\"300\" height=\"200\" srcset=\"http:\/\/www.weppelmann.de\/wp-content\/uploads\/2014\/01\/100_0073-klein-300x200.jpg 300w, http:\/\/www.weppelmann.de\/wp-content\/uploads\/2014\/01\/100_0073-klein.jpg 354w\" sizes=\"auto, (max-width: 300px) 100vw, 300px\" \/><\/a><\/strong><\/p>\n<p style=\"text-align: center;\"><a href=\"http:\/\/www.weppelmann.de\/wp-content\/uploads\/2014\/01\/07_Gr\u00f6\u00dfenver\u00e4nderung.jpg\"><img loading=\"lazy\" decoding=\"async\" class=\"aligncenter size-full wp-image-779\" alt=\"07_Gr\u00f6\u00dfenver\u00e4nderung\" src=\"http:\/\/www.weppelmann.de\/wp-content\/uploads\/2014\/01\/07_Gr\u00f6\u00dfenver\u00e4nderung.jpg\" width=\"198\" height=\"141\" \/><\/a><\/p>\n<p><a href=\"http:\/\/www.weppelmann.de\/wp-content\/uploads\/2014\/01\/29_Gr\u00f6\u00dfenver\u00e4nderung.jpg\"><img loading=\"lazy\" decoding=\"async\" class=\"aligncenter size-full wp-image-778\" alt=\"29_Gr\u00f6\u00dfenver\u00e4nderung\" src=\"http:\/\/www.weppelmann.de\/wp-content\/uploads\/2014\/01\/29_Gr\u00f6\u00dfenver\u00e4nderung.jpg\" width=\"198\" height=\"141\" \/><\/a><\/p>\n<p>Der Fotograf und K\u00fcnstler Wilm Weppelmann sammelte im April und Mai 2004 Bilder und Lebenslandschaften der Nacht in M\u00fcnster. Orte, Menschen, Allt\u00e4gliches, Ereignisse, Schatten, Kuriosa, Dramen und Leidenschaften f\u00fcgen sich zu einer faszinierenden Spurensuche in Schwarz-Wei\u00df. &#8222;Der Schwerpunkt liegt nicht darauf, das besondere Lokalkolorit herauszuarbeiten oder touristische Pfade abzulichten, sondern die breite Palette des n\u00e4chtlichen Stadtlebens einzufangen und ganz unscheinbare Orte mit einer \u00fcberraschenden Hell-Dunkel-\u00c4sthetik aufzugreifen&#8220;, erl\u00e4utert Wilm Weppelmann.<\/p>\n<p>&nbsp;<\/p>\n<\/div>","protected":false},"excerpt":{"rendered":"<p>Archiv Wilm Weppelmann 2004: &#8222;sterben kommt&#8220; Museum f\u00fcr Sepulkralkultur Kassel und\u00a0\u00a0 &#8222;Gute Nacht M\u00fcnster&#8220; Stadtmuseum M\u00fcnster sterben kommt.\u00a0 szene_Wilm Weppelmann<\/p>\n","protected":false},"author":2,"featured_media":712,"parent":32,"menu_order":0,"comment_status":"open","ping_status":"open","template":"","meta":{"footnotes":""},"class_list":["post-708","page","type-page","status-publish","has-post-thumbnail","hentry"],"_links":{"self":[{"href":"http:\/\/www.weppelmann.de\/index.php?rest_route=\/wp\/v2\/pages\/708","targetHints":{"allow":["GET"]}}],"collection":[{"href":"http:\/\/www.weppelmann.de\/index.php?rest_route=\/wp\/v2\/pages"}],"about":[{"href":"http:\/\/www.weppelmann.de\/index.php?rest_route=\/wp\/v2\/types\/page"}],"author":[{"embeddable":true,"href":"http:\/\/www.weppelmann.de\/index.php?rest_route=\/wp\/v2\/users\/2"}],"replies":[{"embeddable":true,"href":"http:\/\/www.weppelmann.de\/index.php?rest_route=%2Fwp%2Fv2%2Fcomments&post=708"}],"version-history":[{"count":19,"href":"http:\/\/www.weppelmann.de\/index.php?rest_route=\/wp\/v2\/pages\/708\/revisions"}],"predecessor-version":[{"id":817,"href":"http:\/\/www.weppelmann.de\/index.php?rest_route=\/wp\/v2\/pages\/708\/revisions\/817"}],"up":[{"embeddable":true,"href":"http:\/\/www.weppelmann.de\/index.php?rest_route=\/wp\/v2\/pages\/32"}],"wp:featuredmedia":[{"embeddable":true,"href":"http:\/\/www.weppelmann.de\/index.php?rest_route=\/wp\/v2\/media\/712"}],"wp:attachment":[{"href":"http:\/\/www.weppelmann.de\/index.php?rest_route=%2Fwp%2Fv2%2Fmedia&parent=708"}],"curies":[{"name":"wp","href":"https:\/\/api.w.org\/{rel}","templated":true}]}}